 28.
25
What is the remainder when 222449 is divided by 1011?
29
What is the remainder when 151847 is divided by 684?
683
Calculate the remainder when 4402 is divided by 1209.
775
Calculate the remainder when 18518 is divided by 82.
68
Calculate the remainder when 155156 is divided by 862.
858
What is the remainder when 5696 is divided by 62?
54
Calculate the remainder when 45231 is divided by 6.
3
What is the remainder when 2597 is divided by 1298?
1
What is the remainder when 246878 is divided by 181?
175
Calculate the remainder when 65841 is divided by 665.
6
What is the remainder when 47187 is divided by 40?
27
What is the remainder when 4028 is divided by 357?
101
What is the remainder when 1342 is divided by 14?
12
What is the remainder when 93128 is divided by 21?
14
What is the remainder when 28544 is divided by 439?
9
Calculate the remainder when 118609 is divided by 90.
79
What is the remainder when 14479 is divided by 88?
47
Calculate the remainder when 7523 is divided by 2063.
1334
What is the remainder when 72286 is divided by 485?
21
Calculate the remainder when 9375 is divided by 137.
59
What is the remainder when 2782 is divided by 19?
8
Calculate the remainder when 28274 is divided by 28259.
15
Calculate the remainder when 1335 is divided by 329.
19
Calculate the remainder when 27024 is divided by 227.
11
What is the remainder when 11136998 is divided by 1295?
1293
Calculate the remainder when 228949 is divided by 1205.
1204
What is the remainder when 34890 is divided by 73?
69
Calculate the remainder when 10224 is divided by 162.
18
Calculate the remainder when 6923 is divided by 986.
21
What is the remainder when 2663 is divided by 356?
171
Calculate the remainder when 5547 is divided by 5529.
18
Calculate the remainder when 13463 is divided by 1224.
1223
What is the remainder when 171265 is divided by 4390?
55
Calculate the remainder when 13458 is divided by 1844.
550
Calculate the remainder when 2668 is divided by 1275.
118
What is the remainder when 12345 is divided by 950?
945
What is the remainder when 97574 is divided by 498?
464
Calculate the remainder when 39522 is divided by 7903.
7
What is the remainder when 22757 is divided by 90?
77
Calculate the remainder when 2355 is divided by 1153.
49
What is the remainder when 276186 is divided by 138087?
12
What is the remainder when 7257 is divided by 3603?
51
Calculate the remainder when 1401 is divided by 1392.
9
Calculate the remainder when 94816 is divided by 463.
364
Calculate the remainder when 7152 is divided by 12.
0
Calculate the remainder when 78636 is divided by 50.
36
Calculate the remainder when 65794 is divided by 1570.
1424
What is the remainder when 48332 is divided by 24165?
2
Calculate the remainder when 12364 is divided by 6172.
20
Calculate the remainder when 38320 is divided by 9577.
12
Calculate the remainder when 66533 is divided by 354.
335
What is the remainder when 11835 is divided by 2956?
11
Calculate the remainder when 19056 is divided by 12.
0
Calculate the remainder when 2160 is divided by 126.
18
Calculate the remainder when 21631 is divided by 3089.
8
Calculate the remainder when 19148 is divided by 638.
8
Calculate the remainder when 10042 is divided by 15.
7
What is the remainder when 7057 is divided by 1147?
175
Calculate the remainder when 9479 is divided by 379.
4
What is the remainder when 18846 is divided by 32?
30
What is the remainder when 27356 is divided by 9019?
299
Calculate the remainder when 140006 is divided by 11.
9
What is the remainder when 2784 is divided by 246?
78
What is the remainder when 5698 is divided by 1407?
70
What is the remainder when 27746 is divided by 9247?
5
Calculate the remainder when 30612 is divided by 34.
12
What is the remainder when 2869151 is divided by 352?
351
Calculate the remainder when 99558 is divided by 12.
6
Calculate the remainder when 111069 is divided by 416.
413
What is the remainder when 136 is divided by 34?
0
What is the remainder when 8636 is divided by 192?
188
Calculate the remainder when 143581 is divided by 100.
81
What is the remainder when 48781 is divided by 1745?
1666
What is the remainder when 1281846 is divided by 149?
148
What is the remainder when 373727 is divided by 68?
67
Calculate the remainder when 853120 is divided by 213276.
16
What is the remainder when 31115 is divided by 5153?
197
Calculate the remainder when 30010 is divided by 15003.
4
Calculate the remainder when 744 is divided by 739.
5
What is the remainder when 101348 is divided by 26?
0
What is the remainder when 5795 is divided by 45?
35
What is the remainder when 2400 is divided by 2395?
5
What is the remainder when 11580 is divided by 111?
36
Calculate the remainder when 11477 is divided by 3824.
5
What is the remainder when 1344 is divided by 628?
88
Calculate the remainder when 19127 is divided by 9560.
7
Calculate the remainder when 24542 is divided by 166.
140
What is the remainder when 9736 is divided by 33?
1
What is the remainder when 206446 is divided by 368?
366
What is the remainder when 71910 is divided by 30?
0
What is the remainder when 76297 is divided by 38146?
5
Calculate the remainder when 412286 is divided by 19631.
35
What is the remainder when 5390 is divided by 684?
602
What is the remainder when 9307 is divided by 3046?
169
Calculate the remainder when 27282 is divided by 6817.
14
What is the remainder when 335921 is divided by 45?
41
What is the remainder when 1758 is divided by 217?
22
Calculate the remainder when 1052 is divided by 150.
2
Calculate the remainder when 2477 is divided by 837.
803
Calculate the remainder when 10787 is divided by 208.
179
What is the remainder when 53741 is divided by 17884?
89
Calculate the remainder when 15993 is divided by 932.
149
Calculate the remainder when 27172 is divided by 316.
312
What is the remainder when 706399 is divided by 19?
17
Calculate the remainder when 129298 is divided by 236.
206
Calculate the remainder when 83910 is divided by 567.
561
What is the remainder when 26349 is divided by 3283?
85
Calculate the remainder when 6071 is divided by 939.
437
What is the remainder when 334 is divided by 185?
149
Calculate the remainder when 1325553 is divided by 441846.
15
What is the remainder when 71205 is divided by 1875?
1830
What is the remainder when 11140 is divided by 254?
218
Calculate the remainder when 29763 is divided by 29762.
1
What is the remainder when 92489 is divided by 15?
14
What is the remainder when 3505 is divided by 267?
34
What is the remainder when 12761 is divided by 3185?
21
Calculate the remainder when 112 is divided by 90.
22
Calculate the remainder when 7063 is divided by 98.
7
What is the remainder when 2917 is divided by 34?
27
What is the remainder when 16146 is divided by 350?
46
Calculate the remainder when 2505 is divided by 322.
251
What is the remainder when 28671 is divided by 4092?
27
Calculate the remainder when 140309 is divided by 494.
13
Calculate the remainder when 20831 is divided by 122.
91
What is the remainder when 98972 is divided by 65?
42
What is the remainder when 37643 is divided by 47?
43
What is the remainder when 19718 is divided by 4826?
414
What is the remainder when 7085 is divided by 588?
29
What is the remainder when 2489 is divided by 263?
122
What is the remainder when 204589 is divided by 106?
9
What is the remainder when 101985 is divided by 38?
31
What is the remainder when 2615 is divided by 1270?
75
Calculate the remainder when 39488 is divided by 669.
17
Calculate the remainder when 47254 is divided by 4724.
14
What is the remainder when 1554 is divided by 141?
3
What is the remainder when 33335 is divided by 11110?
5
What is the remainder when 63713 is divided by 41?
40
What is the remainder when 10202 is divided by 475?
227
What is the remainder when 4635 is divided by 243?
18
Calculate the remainder when 3686 is divided by 148.
134
What is the remainder when 1592 is divided by 1550?
42
Calculate the remainder when 300872 is divided by 614.
12
What is the remainder when 708 is divided by 693?
15
Calculate the remainder when 6268 is divided by 567.
31
What is the remainder when 585 is divided by 87?
63
Calculate the remainder when 5323 is divided by 2537.
249